Suppose 0 = 3*z - 3737 + 1157. Suppose g + 237 = z. What is the hundreds digit of g?
6
Suppose 3*q = -3*m + 7*m, 0 = -q - m. Suppose 0 = -3*n - 0*a + 4*a + 627, -3*a = q. What is the hundreds digit of n?
2
Let p = -13633 + 20707. What is the hundreds digit of p?
0
Let w = 10146 - 7196. What is the thousands digit of w?
2
Suppose m - 8 = 4*i - 32, 0 = -2*m. Suppose -i*c + 14 = -4. Suppose 0 = c*f + 4*g - 5, 2*f - 6 + 2 = -2*g. What is the units digit of f?
3
Let l be 34/8 - (-1)/(12/(-3)). Suppose 0 = l*r - 9*r + 10. Suppose r*n - 183 = n. What is the tens digit of n?
8
Suppose 52*q + 83*q - 5430834 + 882279 = 0. What is the units digit of q?
3
Suppose 13*r - 14*r + 2 = 0. Suppose 2*h - 2704 = -5*t, t + 5*h - 110 - 440 = 0. Suppose r*m - t = -3*m - 5*a, -201 = -2*m + 3*a. What is the units digit of m?
5
What is the thousands digit of (155559/2)/(-3)*5/(130/(-52))?
1
Let g be 10 + 12/(2 - 5). What is the tens digit of g/(1/((-594)/(-12)))?
9
Let y(f) be the third derivative of 7*f**4/24 + 19*f**3/6 - 13*f**2. Let z be y(15). Suppose 52 = 4*o - z. What is the units digit of o?
4
What is the thousands digit of 7*(-1)/1 - 355500/(-60)?
5
Let a = -114837 - -176143. What is the tens digit of a?
0
Let v(r) = -991*r - 3492. What is the tens digit of v(-33)?
1
Let o = -23318 - -61843. What is the ten thousands digit of o?
3
Suppose 606 = -11*b - 175. Let y be 3/(9/b) + 10/(-30). Let o = 0 - y. What is the tens digit of o?
2
Let m(q) = -q - 7. Let a be m(-11). Suppose 4*l = -3*p + a, -l + 2 = -2*p + 1. What is the units digit of (2/(-6) + l)/(10/1365)?
1
Let b = 65 - 62. Let y(q) = -1065*q**2 - 1 - 5 + 1062*q**2 - 7*q + q**b. What is the units digit of y(5)?
9
Suppose -251355 + 97979 - 93744 = -20*i. What is the hundreds digit of i?
3
Suppose 0 = 3*i + 6*i - 27. Suppose -f - i = -146. Suppose 3*c - f - 79 = 0. What is the tens digit of c?
7
Let n = 2877 - 1952. What is the tens digit of n?
2
Suppose 0 = -5*u + 91 + 179. What is the units digit of (u + 4 + 1)*1?
9
Suppose -121831 - 137560 = -63*i + 103615. What is the units digit of i?
2
Let j(b) = 14*b + 24. Let y be j(18). Let p = y + -95. What is the units digit of p?
1
Let b(q) = -9*q**2 + 4*q + 20. Let u(v) be the third derivative of v**5/60 + v**3/6 - 30*v**2. Let t(a) = -b(a) + 4*u(a). What is the tens digit of t(-3)?
1
What is the units digit of (-954)/(-1113) - 128717/(-7)?
9
Suppose j - 130 = -j. Let h = 109 - j. What is the units digit of h?
4
What is the ten thousands digit of (1 - 2)/((-141)/(-564)) - -50579?
5
Let g = 37138 - 28684. What is the hundreds digit of g?
4
Let h = -36 - -41. Suppose -2*c - 3*s = -20, 7*c + h*s = 2*c + 45. Suppose c*q = 8*q - 12. What is the tens digit of q?
1
Let c(p) = p**2 - 8*p + 6. Let f be c(6). Let g(l) be the third derivative of l**5/30 + 5*l**4/12 + 4*l**3/3 - l**2 + 325*l. What is the tens digit of g(f)?
2
Let l(f) = 6*f**2 + 272*f - 931. What is the hundreds digit of l(-123)?
3
Let t = -44262 + 94759. What is the hundreds digit of t?
4
What is the units digit of ((-71077)/(-34))/(2/4)?
1
Suppose -7*b - 2314 - 6072 = 0. Let p = b - -1924. What is the tens digit of p?
2
Let g(h) = 839*h - 1035. What is the tens digit of g(22)?
2
Let f be (-534)/(-21) + -1 + 12/(-28). Suppose -533 = -m + 3*y, -3*m + 1599 = -22*y + f*y. What is the units digit of m?
3
Suppose -55514 - 6067 = -39*v. What is the hundreds digit of v?
5
Suppose -c = 5*l + 180, c - 2*l = 3*l - 140. Let d = 11 - c. What is the units digit of d?
1
What is the units digit of (3 - -787908)*30/450 - 4/10?
7
Suppose 2*t - 4*k - 145036 = 0, -3*t + 57246 = 4*k - 160368. What is the tens digit of t?
3
Let c = -152 - -155. What is the hundreds digit of -4 - (0 + -239 + c)?
2
Let y be (5 + -2 - 1) + 1 + -12. Let g be y/(-6)*(4 + 3480/9). Suppose -192 = 2*q - 3*q - f, -3*q + g = -2*f. What is the hundreds digit of q?
1
What is the ten thousands digit of ((-12915)/1230)/(1/(-1202))?
1
Let q be 2708/32 + (-3)/(-8). What is the tens digit of (-34)/q + (-1257)/(-5)?
5
Let j(k) = k**3 + 7*k**2 - 2 + k**3 - 11*k**3 - 4*k**3. Let n be j(-3). Suppose -6*y = -8 - n. What is the units digit of y?
0
Let r(w) be the second derivative of 0 + 15*w - 17/6*w**3 + 1/2*w**2. What is the tens digit of r(-5)?
8
Let o = 74 + -75. Let a(b) = -b**3 + b. Let x be a(o). What is the units digit of (20/40)/((-1)/(-28) - x)?
4
Suppose -2*v + 16 = -4*b, -4*v + 0 = -4*b - 24. Suppose -q + 1540 = 3*q. Suppose -3*a = -4*u - q, -v*u - 175 = -4*a + 345. What is the hundreds digit of a?
1
Let z = -16 + 29. Let k(l) = -35*l**2 + 147*l + 4. Let w be k(4). Suppose 5*j - z - w = 0. What is the units digit of j?
9
Let b(j) = 3*j**2 - 18*j + 2973. What is the tens digit of b(45)?
3
Let s(v) = -1620*v + 72. Let c be s(-5). Suppose -15*n + c = -6*n. What is the tens digit of n?
0
Let y(p) = p**3 + 17*p**2 - 4*p + 26. What is the units digit of y(12)?
4
Let h = 71 - 72. Let z be h - (2 - 3 - (-3 - -5)). Suppose -2*p - 566 = -2*t, -z*p + 0 = -2. What is the hundreds digit of t?
2
Let l(h) = -12067*h - 452. What is the units digit of l(-1)?
5
Let p be (14/(-4))/(12/(-11784)). Suppose 0 = 18*i - p - 4915. What is the tens digit of i?
6
Suppose 4*x - 366 = 3*h, 2*x + h - 88 = x. What is the hundreds digit of 16850/x + 4/(-18)?
1
Suppose -17*q + 1839458 = 166*q - 936469. What is the units digit of q?
9
Suppose 3 + 2 = -5*t. Let z be 5/10*(6/t - -2). What is the units digit of ((-39)/z)/(-5 + 309/60)?
0
Let f = 2 + 5074. Suppose -536 - f = -4*j. What is the units digit of j?
3
Let r(a) be the second derivative of 7*a**4/6 + 5*a**3/6 + 2*a**2 + 9*a. What is the hundreds digit of r(-5)?
3
Let t = -78 - -85. Suppose 4*g - 8 = -4*f, 2*f + 3*g + 1 = t. What is the tens digit of 1/3 + (2875/15 - f)?
9
Let u be 792/32 - ((-1)/4)/1. Let j = 27 - u. What is the units digit of j*(1/(-8)*-4 + 51)?
3
Let t = 584 + -218. Suppose 0 = -7*c + 614 + t. What is the units digit of c?
0
Let d be (-3)/6 + (-758)/4. Suppose 3*t = -o + 279, -196*t - 2 = -197*t. Let l = o + d. What is the tens digit of l?
8
Suppose -183*j + 683489 + 3107911 = 30*j. What is the units digit of j?
0
Let l be 4 - (-3)/(9/6). Let g be l*((-56)/(-12))/7. Suppose 2*j + 0*q - 114 = 2*q, -g*j + q = -237. What is the units digit of j?
0
Suppose -r - 4*x = -12, -5*r + 2*x = -0*r - 16. Suppose -s + 5*z + 252 = -359, r*s - z - 2520 = 0. What is the tens digit of s?
3
Suppose -24*g + 278627 + 53870 + 190439 = 0. What is the ten thousands digit of g?
2
Suppose 4*p - 75492 - 44232 = 0. What is the ten thousands digit of p?
2
Let m be 7 - 8 - (1 - 14). Let a be (-44)/m - -3 - (-778)/6. Let c = a - 67. What is the units digit of c?
2
Let j(w) = w**3 - 107*w**2 + 442*w - 705. What is the ten thousands digit of j(105)?
2
Let c(x) = 15*x + 134. Let g be c(-9). What is the hundreds digit of (g - 4/(-1))/(98/39886)?
2
Suppose 0 = 4*t + 3*q - 144027, -2*t + q - 18652 = -90663. What is the units digit of t?
6
Let m = 384 - 419. What is the hundreds digit of (-70)/(-20)*(-9700)/m?
9
Let u be (-2)/(-4)*(-4440)/(-15). Suppose 3*n - u = n. What is the units digit of n?
4
Suppose -17*z + 20601 + 72746 = 0. Suppose -845 - z = -22*w. What is the units digit of w?
8
Let r(y) = y**3 - y**2 + 2*y - 703. Let g be r(0). Let d = g + 1225. What is the units digit of d?
2
Let m(p) = -20 - 21*p + 15 + 23 - p**2. What is the units digit of m(-6)?
8
Let w(r) = 2*r**3 - 20*r**2 - 13*r - 13. Let y(t) = 3*t + 62. Let m be y(-16). What is the thousands digit of w(m)?
1
Suppose 0 = -42*v + 19*v + 92. Suppose -232 = -v*j + 780. What is the hundreds digit of j?
2
Let j be 9 + -1 + (1 - 6). Suppose -4*t = -0*k - j*k + 899, 4*t + 1493 = 5*k. What is the hundreds digit of k?
2
Let l(b) = 133 - 111*b**2 + 18*b + 235*b**2 - 116*b**2. What is the tens digit of l(-10)?
5
Suppose 5*y - 20294 = 3*i + 49704, -5*y + 70010 = -5*i. What is the units digit of y?
6
Let u be 7 - (-2 - 2/(-1)). Let m(c) = 12 - 4 - 7 + 6 - 4 + c. What is the units digit of m(u)?
0
Suppose 0*h = -2*h + 8. Suppose 0 = -h*l - 5*d + 45, 0*d + 20 = 4*d. Suppose 0 = -b - 4*a + 40 + 38, l*b - 415 = 5*a. What is the units digit of b?
2
Suppose -4*p + 4*h = 12, -23 = 6*p + 2*h + 11. What is the hundreds digit of ((-52)/(-8) + p)/((-6)/(-600))?
1
Suppose 0 = 2*l - 4, 0*d + l + 63 = d. 